 16, what is b89 - 2?
b87
In base 14, what is 103 + -3?
100
In base 14, what is -243 + 0?
-243
In base 14, what is 8a9 + -1?
8a8
In base 2, what is 100111110 - 11011?
100100011
In base 4, what is -112 - 112?
-230
In base 2, what is -111111001 - -100?
-111110101
In base 8, what is 10634 - 1?
10633
In base 7, what is -2006 + -4?
-2013
In base 12, what is -8 - -3?
-5
In base 2, what is 11 + 1010011?
1010110
In base 15, what is -5 + -6a?
-70
In base 12, what is 402 + -3?
3bb
In base 12, what is 3 + -161?
-15a
In base 8, what is 1 - 116?
-115
In base 2, what is 111 - -1100000011?
1100001010
In base 10, what is 0 - 13?
-13
In base 11, what is 223 + -3?
220
In base 3, what is 2 + 10100?
10102
In base 3, what is 1100 + -12?
1011
In base 2, what is 1001100001101 + -1?
1001100001100
In base 7, what is 3 - 1053?
-1050
In base 14, what is 9 - -6?
11
In base 16, what is f + 1c?
2b
In base 16, what is -d2 + 1?
-d1
In base 10, what is 5018 - -4?
5022
In base 9, what is 1236 + 15?
1252
In base 3, what is 1 + 12100?
12101
In base 13, what is -3471 + 5?
-3469
In base 3, what is -2 + 12100?
12021
In base 4, what is -3031 + -32?
-3123
In base 8, what is -23661 - 3?
-23664
In base 12, what is -1 + 40?
3b
In base 2, what is -111110001 - -1?
-111110000
In base 16, what is 0 + -2c5?
-2c5
In base 10, what is -2 - -317?
315
In base 11, what is 7 - -5a?
66
In base 3, what is -20 + -11212?
-12002
In base 13, what is 297 + -1?
296
In base 7, what is -2 - -23?
21
In base 12, what is 83 + 1?
84
In base 3, what is -2021 - 12?
-2110
In base 6, what is 2 + -101?
-55
In base 14, what is 1c - 2d?
-11
In base 9, what is -1306 + -11?
-1317
In base 10, what is 5 + 21?
26
In base 10, what is -7 - 53?
-60
In base 5, what is -1022134 + -3?
-1022142
In base 8, what is -1 + 42?
41
In base 11, what is 229 - 1?
228
In base 2, what is 1000000 + 111?
1000111
In base 12, what is 2b + -43?
-14
In base 5, what is -3 + 13?
10
In base 11, what is 5 - 31?
-27
In base 9, what is -110 - -5?
-104
In base 12, what is -246 + 0?
-246
In base 11, what is 0 + a?
a
In base 14, what is 29 - -7?
32
In base 6, what is -1 + -44040?
-44041
In base 5, what is 10 + -3020?
-3010
In base 13, what is -43 + 29?
-17
In base 16, what is -687 + -4?
-68b
In base 14, what is -2a + 2?
-28
In base 16, what is 18cb - -3?
18ce
In base 6, what is -442 - 2?
-444
In base 3, what is 120 - -210021?
210211
In base 3, what is -110002 - 12?
-110021
In base 15, what is -36 - -46?
10
In base 15, what is b + 3?
e
In base 9, what is -58702 + -3?
-58705
In base 14, what is -10 - -9?
-5
In base 13, what is -2b09 + 4?
-2b05
In base 7, what is 5 + 6122?
6130
In base 5, what is -1 + -121?
-122
In base 13, what is -4 + -162?
-166
In base 10, what is -331 + 35?
-296
In base 15, what is 3e3 - 5?
3dd
In base 8, what is -3 + -6?
-11
In base 9, what is -446 - -5?
-441
In base 6, what is 14 + 31?
45
In base 6, what is 1052 + 2?
1054
In base 14, what is -3 + -588?
-58b
In base 12, what is 27 + -3?
24
In base 5, what is 3114 + -14?
3100
In base 6, what is -12 + -5304?
-5320
In base 10, what is -26 - -57?
31
In base 4, what is -310203 + 1?
-310202
In base 6, what is -10 - -133?
123
In base 14, what is -3 + 30?
2b
In base 9, what is -6 - 17?
-24
In base 4, what is -2 + 3123?
3121
In base 12, what is 5 + -15?
-10
In base 6, what is -31 + -1?
-32
In base 12, what is 1 - 296?
-295
In base 4, what is 132232 - 3?
132223
In base 13, what is -5 + 11?
9
In base 16, what is 2 + -5?
-3
In base 11, what is -74a + -4?
-753
In base 11, what is -19 + 29?
10
In base 5, what is -14 - 14?
-33
In base 5, what is 1 + -2013?
-2012
In base 5, what is -3 + 2133?
2130
In base 10, what is -14280 - -3?
-14277
In base 4, what is -10 - 303?
-313
In base 6, what is -5 + 31?
22
In base 5, what is 1201 + -3?
1143
In base 5, what is -3 + -2241?
-2244
In base 10, what is 63 - 0?
63
In base 14, what is 4d - 0?
4d
In base 7, what is 1203 + 0?
1203
In base 6, what is -2350 - 2?
-2352
In base 10, what is -4 + -28?
-32
In base 11, what is 7 + -27a?
-273
In base 8, what is 1 - -43?
44
In base 3, what is 112120 - -1100?
120220
In base 8, what is 6 + 11?
17
In base 9, what is 5 - -182?
187
In base 11, what is -5 + 380?
376
In base 14, what is 18 + 151?
169
In base 15, what is 0 + 271?
271
In base 13, what is 12 + 61b?
630
In base 2, what is 101100001100011 - 0?
101100001100011
In base 15, what is -4 - -1a?
16
In base 3, what is -10120 - 2?
-10122
In base 8, what is 3754 - -2?
3756
In base 4, what is 10 + 313203?
313213
In base 2, what is -1001001 - 1000?
-1010001
In base 4, what is -202 - -12?
-130
In base 8, what is -3 + -310?
-313
In base 14, what is a - -46?
52
In base 6, what is 43 - -2?
45
In base 5, what is 121131 + 0?
121131
In base 10, what is 2 + 185?
187
In base 11, what is -a + 13?
4
In base 5, what is -110 - 2?
-112
In base 12, what is -106 - 1b?
-125
In base 11, what is -521 + 1?
-520
In base 3, what is 10 - 110?
-100
In base 5, what is 0 + -2031?
-2031
In base 14, what is 4d + -2?
4b
In base 16, what is 1c87 + -1?
1c86
In base 8, what is 1232 + 1?
1233
In base 11, what is 45 + -12?
33
In base 10, what is 14 + 0?
14
In base 15, what is 17a + 2?
17c
In base 5, what is 400 + 3?
403
In base 8, what is -4 + 175?
171
In base 7, what is 2 + 10?
12
In base 5, what is -31302 + 1?
-31301
In base 5, what is -4 - 142?
-201
In base 13, what is -9c4 - 4?
-9c8
In base 2, what is -1101101 + -101?
-1110010
In base 8, what is -177 - -2?
-175
In base 6, what is 242 - 4?
234
In base 13, what is 120ca + -5?
120c5
In base 15, what is -32 + 79?
47
In base 15, what is -661 - 5?
-666
In base 2, what is -11111 - -1000110?
100111
In base 10, what is 0 - 671?
-671
In base 15, what is 3 - -d41?
d44
In base 7, what is -1 + 25?
24
In base 16, what is 35 + 0?
35
In base 9, what is 6 - -201?
207
In base 2, what is -110011111111 - 101?
-110100000100
In base 14, what is 155 - 5?
150
In base 16, what is -1 + 4?
3
In base 4, what is 0 - 2?
-2
In base 16, what is -6 - b?
-11
In base 8, what is -12 + 30?
16
In base 6, what is -114 - -11?
-103
In base 16, what is 77 - -15?
8c
In base 8, what is -1003 - 4?
-1007
In base 12, what is -3a5 - 9?
-3b2
In base 10, what is 69 + 7?
76
In base 13, what is 37 - 96?
-5c
In base 10, what is 19604 + -2?
19602
In base 6, what is 5315 - 0?
5315
In base 7, what is 155 + -13?
142
In base 12, what is 2 - -2b?
31
In base 12, what is 1 + 58?
59
In base 4, what is -13 - -332?
313
In base 15, what is -d8 - 63?
-14b
In base 9, what is 6 - -34?
41
In base 4, what is -3131 + 1?
-3130
In base 10, what is 343 + 5?
348
In base 15, what is -53 + -4?
-57
In base 16, what is 2 + -35?
-33
In base 12, what is 7 + 9bb?
a06
In base 6, what is -55 - 1133?
-1232
In base 4, what is 2122112 + -3?
2122103
In base 14, what is 8 + 194?
19c
In base 12, what is a9 - 4?
a5
In base 11, what is -5 - 18?
-22
In base 9, what is -6 - 518?
-525
In base 14, what is aa - -5?
b1
In base 5, what is 1420 + 1?
1421
In base 9, what is 43 - 1?
42
In base 14, what is -2 + -55?
-57
In base 4, what is 1011 + -12?
333
In base 16, what is 2 - -1251?
1253
In base 16, what is -3 - 2?
-5
In base 4, what is 32 - -31231?
31323
In base 13, what is 5 + 54a?
552
In base 11, what is -3 + 9?
6
In base 12, what is -6 - 360?
-366
In base 6, what is -50 + -2300?
-2350
In base 2, what is 10 - 100010?
-100000
In base 7, what is -3 + 204?
201
In base 4, what is -3 + -31321?
-31330
In base 14, what is 5 + -b?
-6
In base 12, what is 28b1 - 1?
28b0
In base 6, what is 35 + 302?
341
In base 5, what is -32 + -3023?
-3110
In base 11, what is -35 + 0?
-35
In base 12, what is -8 - -12?
6
In base 6, what is 1152 - 1?
1151
In base 5, what is 112 - 1122?
-1010
In base 5, what is 2434 - -14?
3003
In base 11, what is -1a6 + -29?
-224
In base 5, what is -3 - 142413?
-142421
In base 10, what is 7208 - -3?
7211
In base 10, what is -2 + -634?
-636
In base 11, what is 1 + -116?
-115
In base 6, what is -24 + 23?
-1
In base 7, what is -12330 + -5?
-12335
In base 3, what is -2 - 20122?
-20201
In base 12, what is 29 - 2?
27
In base 6, what is 21 - -23?
44
In base 12, what is -28758 - -2?
-28756
In base 6, what is 3 - 2420?
-2413
In base 15, what is -5e - 0?
-5e
In base 11, what is 6a0 + 4?
6a4
In base 7, what is 0 + -14563?
-14563
In base 10, what is 8 - 24?
-16
I